 Let s be q(10). Suppose 5*m + 0*m + 7 = s*a, 3*a - 28 = 4*m. What are the prime factors of a?
2
Suppose -2*j - 158 = -2*u + 218, -2*u = -5*j - 376. What are the prime factors of u?
2, 47
Let p(m) = m. Let j be p(2). Suppose -j*i + i + 20 = 0. Suppose -i = -h - 4*h. What are the prime factors of h?
2
What are the prime factors of 2*(292/8 - 3)?
67
Suppose 54 = -2*f + 5*f. List the prime factors of f.
2, 3
Let w = 24 - 44. What are the prime factors of -5 - -2 - (w - 5)?
2, 11
Let x = -5 - -6. Suppose 4*n + x = 9. What are the prime factors of n?
2
Suppose -v + 94 = -4*w + 8*w, 3*v - 2*w = 324. What are the prime factors of v?
2, 53
Suppose -3 = -3*a + 6. Suppose 5*t = -h - 2*h - a, h + 1 = 0. Suppose 2*w = -t*w + 20. List the prime factors of w.
2, 5
Let o(m) be the second derivative of -m**5/20 + 5*m**4/12 + m**3/6 + 3*m**2/2 + 2*m. What are the prime factors of o(5)?
2
Let c = 0 + 3. Let d = c + 0. Suppose 0 = d*i - 3*s - 15 - 3, 3*i = -3*s + 36. What are the prime factors of i?
3
Let j be -10*(1 + -2) + -3. What are the prime factors of (1 - j)*20/(-8)?
3, 5
Let l be (-1)/((-2)/(-104)*-1). Suppose 2*n - 27 = o, -2*o + l = 2*n + 10. What are the prime factors of n?
2
Let f(v) = -2*v**2 + 76. Let c be f(0). Let d = 110 - c. List the prime factors of d.
2, 17
Let g = -7 + 8. Let s be ((-5)/5)/(g/(-5)). Suppose -33 = -s*n + 17. List the prime factors of n.
2, 5
Let y be (4/(-3))/((-2)/15). Let h(a) = a**2 - 7*a - 12. Let m be h(y). Let d = m + -6. List the prime factors of d.
2, 3
Let x be 2/8 + 86/8. Let s = 18 - x. What are the prime factors of s?
7
Suppose -247 = -g - 14. List the prime factors of g.
233
Suppose o - 53 = -3*y + 59, -o - 2*y = -114. List the prime factors of o.
2, 59
Suppose 0 = -8*r - 0*r + 792. List the prime factors of r.
3, 11
Suppose 0 = 4*d + 12, 13 = 2*j - 2*d - d. Suppose j*r - 45 = -r. List the prime factors of r.
3, 5
List the prime factors of (-1 - -1) + 71 + -11.
2, 3, 5
Suppose 4*x - 20 = -0. Suppose 2*m + 24 = 3*p, -4*p + 2 = 4*m - 10. Suppose x*f + p = -3*a + 22, -2*a = 5*f - 4. What are the prime factors of a?
2, 3
Suppose -9*j = -4*j - 1045. What are the prime factors of j?
11, 19
Let b(q) = -q**3 + 2*q + 1 - 3*q**2 + 0*q - q. What are the prime factors of b(-4)?
13
Let o = 4 + -1. Suppose o*g = 2*g + 30. What are the prime factors of g?
2, 3, 5
Let q(g) = -g**3 - 15*g**2 + 22. Suppose j + 9 = -6. What are the prime factors of q(j)?
2, 11
Let a(v) be the first derivative of 7*v - 1/2*v**2 + 1. What are the prime factors of a(-5)?
2, 3
Suppose -4*j - 5*n + 43 = 0, 40 = j + 2*j - 4*n. Let v be (3 + 2)*j/10. Let u(s) = s**2 - 4*s. List the prime factors of u(v).
2, 3
Suppose 2*f = 4*q - 16, 0 = -5*q + 5*f - 3 + 33. Suppose -7*i + q*i = 0. Suppose 6*b - b - 50 = i. List the prime factors of b.
2, 5
Suppose 2*z = o + z + 81, -5*o - 5*z = 425. Let u = o + 125. What are the prime factors of u?
2, 3, 7
Suppose 0 = 4*j + 4*n + 58 - 334, 0 = 2*j - 2*n - 146. Suppose 4*g + 27 = j. What are the prime factors of g?
11
Let q be ((-4)/12)/(1/3). Let n = 0 + q. Let p(k) = 7*k**2 - k. What are the prime factors of p(n)?
2
Suppose -s + 18 + 44 = -4*h, -5*h - 5*s = 90. Let w = h - -24. What are the prime factors of w?
2
Suppose -k = -m - 3*k + 45, 2*k = 10. Suppose -6*f = -f - m. What are the prime factors of f?
7
Let n = -11 + -7. Let t = 9 - n. What are the prime factors of t?
3
Let x(f) = -7*f - 17. List the prime factors of x(-21).
2, 5, 13
Suppose -w = -5*w + 36. List the prime factors of w.
3
Let r = 8 + -8. Let x be 16/1 + (r - -2). What are the prime factors of x/8 + 3/(-12)?
2
Let i be 18/(-4) - (-1)/2. Let t be (-22)/i + (-3)/(-6). What are the prime factors of t/(-4)*4/(-3)?
2
Let n = 43 + -25. List the prime factors of n.
2, 3
Let w = 38 + -27. List the prime factors of w.
11
Let t(o) = 7*o**3 + o**2 - 11*o + 13. Let w be (4 + -3)/((-2)/10). Let j(s) = 4*s**3 - 6*s + 7. Let p(k) = w*j(k) + 3*t(k). What are the prime factors of p(-3)?
13
Suppose -v = -0*v - 2. Suppose -v = 4*x - 18. Suppose 3*r - x = 20. List the prime factors of r.
2
Let m(r) = 5*r**2 - 6*r - 7. Let k(x) = 16*x**2 - 19*x - 22. Let p(n) = 2*k(n) - 7*m(n). Let g be p(4). List the prime factors of (8/6)/((-6)/g).
2, 3
Suppose x + 2*z - 39 = 0, 2*x + 0*x - 2*z - 60 = 0. What are the prime factors of x?
3, 11
Let j = -9 - -15. Let a(l) = 2*l + 6. What are the prime factors of a(j)?
2, 3
Suppose 3*a - 364 = -4*w, 4*w - 5*a = -a + 364. What are the prime factors of w?
7, 13
Let r(b) = -6*b**3 - b**2 - b - 1. Let g be r(-1). Suppose -n - 4 = -2*w, -g*n - 6 - 32 = -w. Let j = -5 - n. What are the prime factors of j?
3
Let b = 52 + -26. List the prime factors of b.
2, 13
Suppose 19 = 3*r + t, -18 = -2*r + t - 3*t. Suppose 5*i = 5*n - 110, -3*n + r*i + 42 = -2*n. What are the prime factors of n?
17
Let d = 6 - 12. Let i(n) = 2*n**2 + 7*n + 4. Let m be i(d). Let w = m - 21. What are the prime factors of w?
13
Let v = 136 + -13. List the prime factors of v.
3, 41
Let t(p) be the first derivative of p**4/12 - p**3/3 + p**2/2 + 2*p + 2. Let r(q) be the first derivative of t(q). What are the prime factors of r(5)?
2
Let u(l) = -l**2 + 7*l - 6. Let o be u(9). What are the prime factors of (-140)/42*o/5?
2
Let f(n) = -2*n**3 + 2*n**2 + 9*n + 5. What are the prime factors of f(-4)?
3, 43
Let z(x) = 17*x**2 - 2*x + 1. Let c(a) = a + 7. Let m be c(-6). Let w be z(m). Suppose 5*q - w = 3*q. List the prime factors of q.
2
Let x(w) = w - w - 3*w - 5. What are the prime factors of x(-7)?
2
Suppose -156 = -0*v - 3*v. What are the prime factors of v?
2, 13
Suppose -3*c - 5*s + 13 = 0, -4*s = 10 + 6. Let u = -5 + c. What are the prime factors of u?
2, 3
Let y(j) = -17*j - 1. What are the prime factors of y(-3)?
2, 5
Let r = 29 + -26. Let q be 1/(1*(-2)/(-4)). Suppose 0 = r*t - q*t - 12. What are the prime factors of t?
2, 3
Suppose -53 = 4*k + 39. Let u = k + 57. What are the prime factors of u?
2, 17
Let a = 3 + -11. What are the prime factors of (-12)/a*(-22)/(-3)?
11
Suppose -122 = -3*l - 2. What are the prime factors of l?
2, 5
Suppose x + 2*x + 27 = 0. Let o = x - -13. What are the prime factors of o?
2
Let v(m) be the second derivative of m**4/3 + m**3 + 2*m. Let u(t) = t**2 - 1. Let w(l) = 5*u(l) - v(l). What are the prime factors of w(7)?
2
Suppose 0 = 4*t + 3*k - 133, -2*k + 3*k + 152 = 5*t. What are the prime factors of t?
31
Let b be 3 - 5 - -6*1. Suppose -8 = -2*q, -b*x + 5*x - 22 = -5*q. Let l = x - -1. List the prime factors of l.
3
Let t be 1/(2*3/12). Suppose 0 = -t*n + 8 + 8. What are the prime factors of n?
2
Let s = -76 + 205. List the prime factors of s.
3, 43
Let p = 11 + -7. Suppose -4*c = -p*k - 40, -3*c - 15 = -2*k - 8*c. List the prime factors of (-6)/k*(-30)/(-9).
2
Let h(l) = -15*l + 8. What are the prime factors of h(-4)?
2, 17
List the prime factors of 12/24*(1 - 1 - -482).
241
Suppose -4*t + 2*m = 0, m = -4*t + 2*m - 4. Let r = t + 2. Let z = 4 - r. What are the prime factors of z?
2
Let w(n) = n**3 + 10*n**2 + 10*n + 4. Let s be w(-7). Suppose -3*a = s - 207. Suppose 3*d - 33 = -5*c, -5*d - c + a = 3*c. List the prime factors of d.
2, 3
Let v = 92 + -19. What are the prime factors of v?
73
Let a(h) = -h**2 - 12*h - 2. What are the prime factors of a(-9)?
5
What are the prime factors of 2/(3 - 578/194)?
97
Let a = -11 + 26. Let v = a + -11. Suppose i - 19 = -5*k, -i = -0*k + v*k - 18. List the prime factors of i.
2, 7
Let r(d) be the third derivative of -d**5/60 + 7*d**4/12 - d**3/2 - 5*d**2. List the prime factors of r(6).
3, 5
Suppose 0*v - 39 = 3*v. Let c be 9/(-4 - 20/(-8)). Let m = c - v. What are the prime factors of m?
7
Let m = 1 + -1. Suppose m = 2*z - 9 - 23. List the prime factors of z.
2
Let d be (14/(-4))/(-7)*4. Suppose d*a = -58 + 138. What are the prime factors of a?
2, 5
What are the prime factors of (62/(-3))/(64/36 - 2)?
3, 31
Suppose 3*v + 2*v = 60. Suppose w + v = -3*w + 5*t, -2*w - 6 = t. What are the prime factors of (4/6)/(w/(-27))?
2, 3
Suppose -3*f = 2*f. Let s = f + 0. Suppose 4*y = -4*c + 20 - 4, 4*y + c - 22 = s. List the prime factors of y.
2, 3
Let g be (-1 - (-2 - 5))*7. Let h be 2/(-4) - g/(-4). What are the prime factors of (-4)/(-6)*-3 + h?
2
Let t = 37 - 35. What are the prime factors of t?
2
Let j be -2*1/